t the prime factors of 719303859.
3, 193, 414107
List the prime factors of 67322985.
3, 5, 19, 53, 4457
What are the prime factors of 437013389?
8161, 53549
What are the prime factors of 184515444?
2, 3, 5125429
What are the prime factors of 45014327?
227, 198301
List the prime factors of 5411165569.
17, 318303857
What are the prime factors of 5415041768?
2, 6329, 106949
List the prime factors of 169432831.
169432831
List the prime factors of 6806658992.
2, 7, 73, 118931
What are the prime factors of 15024741?
3, 631, 7937
What are the prime factors of 1362309050?
2, 5, 41, 467, 1423
List the prime factors of 16994069.
16994069
List the prime factors of 185735129.
185735129
What are the prime factors of 687757557?
3, 89, 2575871
List the prime factors of 29255480.
2, 5, 43, 73, 233
List the prime factors of 4098691570.
2, 5, 227, 1805591
List the prime factors of 33034724.
2, 2267, 3643
What are the prime factors of 174046200?
2, 3, 5, 107, 2711
What are the prime factors of 27380827?
1091, 25097
What are the prime factors of 916301206?
2, 53, 1217, 7103
What are the prime factors of 490700600?
2, 5, 13, 79, 2389
What are the prime factors of 331118831?
331118831
List the prime factors of 511585443.
3, 163, 116243
List the prime factors of 2050653221.
239, 2861, 2999
List the prime factors of 65867691.
3, 1217, 18041
What are the prime factors of 27541937?
27541937
List the prime factors of 5340471.
3, 43, 41399
What are the prime factors of 1156732130?
2, 5, 115673213
List the prime factors of 2374917100.
2, 5, 23749171
What are the prime factors of 1236855262?
2, 191, 557, 5813
List the prime factors of 1955395776.
2, 3, 383, 26591
List the prime factors of 5452109412.
2, 3, 163, 2787377
List the prime factors of 213135480.
2, 3, 5, 23, 25741
What are the prime factors of 3253798121?
7, 73, 83, 76717
List the prime factors of 760677019.
17, 137, 326611
What are the prime factors of 3955139871?
3, 43, 59, 349, 1489
List the prime factors of 43582900.
2, 5, 17, 31, 827
List the prime factors of 888571958.
2, 71, 157, 39857
List the prime factors of 104812427.
104812427
What are the prime factors of 483905268?
2, 3, 7, 11, 174569
List the prime factors of 257614493.
257614493
What are the prime factors of 415035498?
2, 3, 69172583
List the prime factors of 161380280.
2, 5, 4034507
List the prime factors of 3793800839.
3793800839
List the prime factors of 2238870234.
2, 3, 797, 468187
List the prime factors of 320187815.
5, 6733, 9511
What are the prime factors of 10156386?
2, 3, 23, 73597
What are the prime factors of 1206195351?
3, 59, 6814663
List the prime factors of 317438317.
7, 211, 30703
List the prime factors of 1147984344.
2, 3, 13, 1226479
List the prime factors of 10736465.
5, 41, 83, 631
What are the prime factors of 3197152695?
3, 5, 11, 19376683
List the prime factors of 93672646.
2, 46836323
List the prime factors of 363899395.
5, 29, 41, 61211
List the prime factors of 978320725.
5, 39132829
List the prime factors of 39442537.
19, 113, 18371
List the prime factors of 3375826179.
3, 11, 137, 769, 971
List the prime factors of 57500127.
3, 29, 220307
List the prime factors of 2872255957.
2872255957
List the prime factors of 1504303295.
5, 11, 1483, 18443
What are the prime factors of 335068538?
2, 7, 17, 1407851
List the prime factors of 50434593.
3, 11, 1528321
List the prime factors of 1580598803.
7, 29, 7786201
List the prime factors of 64274018.
2, 73, 193, 2281
What are the prime factors of 2928303364?
2, 7, 104582263
List the prime factors of 124908385.
5, 7, 89, 40099
What are the prime factors of 275114459?
275114459
What are the prime factors of 1206718339?
223, 1999, 2707
List the prime factors of 260080613.
13, 29, 689869
What are the prime factors of 4329077829?
3, 17, 61, 127, 10957
What are the prime factors of 1035166812?
2, 3, 5303, 16267
List the prime factors of 19916739.
3, 737657
List the prime factors of 121994172.
2, 3, 3388727
List the prime factors of 793941820.
2, 5, 7, 17, 333589
List the prime factors of 2952340997.
41, 67, 1074751
What are the prime factors of 2560794697?
181, 1601, 8837
What are the prime factors of 29911319?
29911319
What are the prime factors of 1238361784?
2, 11, 19, 401, 1847
List the prime factors of 91838763.
3, 1933, 5279
What are the prime factors of 80077261?
11, 67, 179, 607
List the prime factors of 15644244.
2, 3, 7, 11, 16931
What are the prime factors of 252567509?
31, 43, 189473
What are the prime factors of 1163575575?
3, 5, 197, 26251
What are the prime factors of 34163969?
7, 907, 5381
List the prime factors of 3828797732.
2, 17, 29, 73, 26597
List the prime factors of 40460895.
3, 5, 137, 6563
List the prime factors of 96801577.
73, 1326049
List the prime factors of 1588561692.
2, 3, 67, 1975823
What are the prime factors of 111255030?
2, 3, 5, 293, 4219
List the prime factors of 44280084.
2, 3, 197, 18731
What are the prime factors of 27464744?
2, 103, 33331
List the prime factors of 119826665.
5, 7, 23, 148853
List the prime factors of 1519866950.
2, 5, 7, 83, 113, 463
List the prime factors of 610196093.
13, 46938161
List the prime factors of 1445564892.
2, 3, 120463741
List the prime factors of 1149248909.
17, 67602877
What are the prime factors of 1051905567?
3, 127, 173, 15959
List the prime factors of 33968900.
2, 5, 7, 48527
List the prime factors of 2239663369.
241, 9293209
List the prime factors of 3109216456.
2, 59, 6587323
List the prime factors of 62123315.
5, 61, 149, 1367
List the prime factors of 3011864229.
3, 11, 125197
List the prime factors of 54848196.
2, 3, 13, 163, 719
List the prime factors of 90493298.
2, 7, 257, 3593
List the prime factors of 543957493.
543957493
List the prime factors of 193224771.
3, 17, 23, 6101
List the prime factors of 275464755.
3, 5, 19, 199, 1619
List the prime factors of 744880381.
7, 17, 397, 15767
What are the prime factors of 866487537?
3, 761, 14057
What are the prime factors of 28189950?
2, 3, 5, 23, 8171
List the prime factors of 3160235461.
173, 193, 94649
List the prime factors of 291429541.
13, 101, 221957
What are the prime factors of 63263032?
2, 7, 433, 2609
What are the prime factors of 57746809?
61, 946669
What are the prime factors of 794848301?
13, 3767, 16231
List the prime factors of 96495264.
2, 3, 17, 19709
List the prime factors of 2816819252.
2, 13, 113, 479377
What are the prime factors of 93927208?
2, 79, 331, 449
What are the prime factors of 3633115094?
2, 7, 37072603
What are the prime factors of 1170705873?
3, 4937, 79043
List the prime factors of 87274785.
3, 5, 13, 73, 6131
What are the prime factors of 417291751?
167, 2498753
List the prime factors of 6725268.
2, 3, 11, 17, 37
List the prime factors of 280603437.
3, 67, 1396037
What are the prime factors of 2015119244?
2, 503779811
List the prime factors of 100604605.
5, 883, 22787
What are the prime factors of 119779451?
11, 67, 162523
List the prime factors of 14425722.
2, 3, 267143
What are the prime factors of 1109227054?
2, 13, 43, 992153
List the prime factors of 5359798946.
2, 53, 71, 712171
List the prime factors of 2183652035.
5, 79, 373, 14821
List the prime factors of 1337720242.
2, 17, 39344713
What are the prime factors of 3858902350?
2, 5, 2081, 37087
List the prime factors of 1294948707.
3, 13, 33203813
List the prime factors of 55830789.
3, 7, 98467
What are the prime factors of 829467727?
11, 75406157
What are the prime factors of 86465123?
2309, 37447
What are the prime factors of 93392109?
3, 1152989
What are the prime factors of 520312861?
520312861
What are the prime factors of 1288964566?
2, 29, 47, 227, 2083
What are the prime factors of 48160042?
2, 7, 491429
What are the prime factors of 666072330?
2, 3, 5, 7, 11, 2383
What are the prime factors of 3021442402?
2, 11, 17, 475219
List the prime factors of 1874765760.
2, 3, 5, 7, 227, 1229
List the prime factors of 1560542385.
3, 5, 2237, 46507
What are the prime factors of 53034804?
2, 3, 607, 809
List the prime factors of 335104118.
2, 67, 1061, 2357
What are the prime factors of 385176100?
2, 5, 3851761
What are the prime factors of 38031149?
13, 41, 71353
List the prime factors of 15834742.
2, 7, 11, 37, 397
List the prime factors of 200013360.
2, 3, 5, 8